common factor of 11414 and 26.
26
What is the greatest common factor of 24915 and 15?
15
Calculate the greatest common divisor of 976 and 1586.
122
What is the greatest common factor of 49 and 301?
7
Calculate the greatest common factor of 36 and 684.
36
What is the greatest common divisor of 124 and 93?
31
What is the greatest common factor of 9 and 711?
9
What is the greatest common divisor of 21 and 135681?
21
What is the greatest common divisor of 1232 and 539?
77
Calculate the highest common divisor of 672 and 546.
42
What is the greatest common factor of 123 and 3?
3
What is the greatest common divisor of 281 and 1?
1
What is the greatest common factor of 203 and 154?
7
Calculate the highest common divisor of 169 and 286.
13
What is the highest common divisor of 795 and 30?
15
What is the greatest common divisor of 35 and 665?
35
What is the highest common factor of 11327 and 47?
47
Calculate the highest common factor of 351 and 2249.
13
Calculate the greatest common divisor of 625 and 775.
25
Calculate the greatest common factor of 47 and 4.
1
Calculate the highest common factor of 24 and 168.
24
Calculate the highest common divisor of 6182 and 44.
22
Calculate the greatest common divisor of 3915 and 270.
135
What is the highest common divisor of 73 and 1971?
73
Calculate the greatest common factor of 58 and 551.
29
Calculate the highest common divisor of 9 and 2151.
9
What is the greatest common factor of 6313 and 428?
107
What is the highest common factor of 3240 and 40?
40
What is the greatest common divisor of 84 and 36?
12
Calculate the greatest common divisor of 104 and 247.
13
Calculate the highest common factor of 235 and 30.
5
Calculate the greatest common factor of 26706 and 6.
6
What is the greatest common divisor of 372 and 1023?
93
What is the highest common divisor of 728 and 448?
56
What is the greatest common factor of 148 and 12?
4
What is the greatest common factor of 192 and 112?
16
What is the greatest common divisor of 21136 and 16?
16
Calculate the highest common factor of 12 and 116.
4
Calculate the highest common divisor of 656 and 72.
8
What is the greatest common factor of 71145 and 270?
135
Calculate the greatest common divisor of 11218 and 158.
158
Calculate the highest common factor of 1243 and 113.
113
Calculate the highest common factor of 53 and 12137.
53
What is the highest common factor of 621 and 23?
23
Calculate the highest common divisor of 651 and 15407.
217
What is the greatest common factor of 77 and 385?
77
Calculate the highest common factor of 92 and 46.
46
Calculate the greatest common factor of 1795 and 5.
5
Calculate the highest common divisor of 126 and 5922.
126
Calculate the highest common factor of 104 and 24.
8
What is the highest common factor of 100 and 3100?
100
Calculate the highest common factor of 323 and 221.
17
What is the greatest common divisor of 6372 and 60?
12
What is the highest common factor of 756 and 21?
21
What is the highest common factor of 10 and 2045?
5
What is the greatest common divisor of 7 and 343?
7
Calculate the greatest common factor of 1604 and 8.
4
Calculate the greatest common factor of 15 and 235.
5
What is the greatest common factor of 2156 and 44?
44
What is the highest common factor of 1089 and 242?
121
What is the greatest common divisor of 209 and 38?
19
Calculate the highest common factor of 19 and 40451.
19
Calculate the highest common divisor of 578 and 34.
34
What is the greatest common factor of 14 and 12894?
14
What is the greatest common divisor of 12 and 300?
12
Calculate the highest common factor of 8649 and 27.
9
Calculate the highest common factor of 899 and 29.
29
Calculate the greatest common factor of 242 and 110.
22
What is the highest common divisor of 14 and 35?
7
Calculate the greatest common factor of 3901 and 166.
83
Calculate the highest common factor of 102 and 5066.
34
What is the greatest common divisor of 3657 and 207?
69
What is the highest common divisor of 75 and 35?
5
Calculate the highest common divisor of 16 and 1024.
16
What is the greatest common divisor of 15498 and 126?
126
Calculate the greatest common divisor of 72 and 9.
9
Calculate the highest common factor of 1394 and 82.
82
Calculate the greatest common divisor of 30 and 110.
10
What is the highest common divisor of 110 and 4510?
110
Calculate the greatest common divisor of 9 and 36.
9
What is the highest common factor of 10 and 610?
10
Calculate the highest common divisor of 59 and 1357.
59
What is the highest common divisor of 22 and 4466?
22
What is the highest common factor of 25 and 50?
25
What is the highest common divisor of 1536 and 108?
12
What is the highest common divisor of 57 and 363?
3
What is the highest common divisor of 80 and 90?
10
What is the highest common factor of 3791 and 34?
17
Calculate the highest common factor of 78 and 1131.
39
Calculate the highest common factor of 224 and 928.
32
Calculate the highest common divisor of 1805 and 475.
95
What is the greatest common divisor of 375 and 825?
75
What is the greatest common factor of 14030 and 575?
115
What is the greatest common factor of 162 and 12?
6
What is the greatest common factor of 160 and 160?
160
Calculate the greatest common divisor of 375 and 525.
75
Calculate the highest common divisor of 1236 and 48.
12
What is the greatest common divisor of 72 and 1476?
36
What is the highest common factor of 9350 and 748?
374
What is the highest common factor of 2413 and 171?
19
What is the greatest common divisor of 420 and 315?
105
What is the highest common factor of 34 and 425?
17
What is the greatest common factor of 96 and 24224?
32
Calculate the highest common divisor of 15577 and 1263.
421
What is the greatest common divisor of 96 and 24?
24
What is the greatest common factor of 2758 and 28?
14
What is the greatest common divisor of 500 and 80?
20
What is the greatest common divisor of 135 and 225?
45
Calculate the greatest common divisor of 84 and 434.
14
Calculate the highest common factor of 156 and 444.
12
What is the highest common divisor of 36 and 423?
9
What is the greatest common factor of 210 and 238?
14
What is the greatest common factor of 45 and 81?
9
Calculate the greatest common factor of 33 and 31933.
11
What is the highest common factor of 308 and 176?
44
Calculate the highest common factor of 16 and 496.
16
What is the highest common factor of 51 and 7089?
51
Calculate the greatest common divisor of 13 and 559.
13
What is the highest common factor of 6 and 375?
3
What is the highest common divisor of 5394 and 261?
87
What is the highest common divisor of 8027 and 92?
23
Calculate the greatest common factor of 585 and 65.
65
Calculate the greatest common divisor of 189 and 135.
27
Calculate the highest common factor of 10591 and 119.
119
What is the greatest common factor of 740 and 920?
20
What is the greatest common factor of 2064 and 144?
48
What is the greatest common factor of 15 and 2095?
5
What is the greatest common divisor of 68 and 51?
17
Calculate the greatest common divisor of 384 and 352.
32
What is the greatest common factor of 387 and 43?
43
Calculate the greatest common divisor of 143 and 209.
11
What is the highest common divisor of 651 and 186?
93
Calculate the greatest common factor of 11 and 1309.
11
What is the highest common factor of 1537 and 725?
29
Calculate the greatest common factor of 39 and 2444.
13
Calculate the greatest common factor of 30 and 726.
6
Calculate the highest common factor of 225 and 150.
75
Calculate the highest common divisor of 10322 and 26.
26
What is the greatest common divisor of 264 and 121?
11
Calculate the greatest common factor of 273 and 1833.
39
Calculate the greatest common factor of 483 and 322.
161
Calculate the highest common factor of 1001 and 1232.
77
Calculate the greatest common factor of 45 and 39645.
45
What is the greatest common divisor of 108 and 164?
4
Calculate the greatest common divisor of 42 and 3171.
21
What is the greatest common factor of 5289 and 1476?
123
Calculate the highest common factor of 5 and 35.
5
Calculate the greatest common divisor of 1296 and 24.
24
Calculate the highest common divisor of 5643 and 2079.
297
What is the highest common factor of 3 and 119?
1
Calculate 